 (0/1 + 1)*2. Suppose -2*w = -3*a + 2, 5*a - 3*w - 6 + 1 = 0. Let b(p) = 4 + 3 - 2*p + p - a*p - p**x. What is b(-6)?
1
Let u(m) = 777*m + 2 - m**2 - 3 - 770*m + 2. Calculate u(7).
1
Let o = 547 - 536. Let u(n) = -4*n + 36. Calculate u(o).
-8
Let r = 4 - 4. Suppose f = -2 - r. Let y(t) = -4*t + 34 + 40 - 76. Give y(f).
6
Let u(i) = i**2 + 6*i + 4. Let w = -5 + 9. Let m(y) = -3*y + 6. Let j be m(2). Suppose j*b + b = -3*x - 18, w*x + 24 = 2*b. Determine u(x).
4
Suppose -2*i = i - 15. Let g(q) be the second derivative of 18*q - 1/2*q**4 + 7/2*q**2 + 0 + 1/6*q**3 + 1/20*q**5. Calculate g(i).
-13
Let n(k) = k**3 - 7*k**2 + k - 8. Let j be (6 - 1)*(-110)/(-25). Let p be 90/(-11) + 4/j. Let d be (-4)/p*14 - 0. What is n(d)?
-1
Suppose -5*i + 128 = 3*i. Let d(s) = 33*s - s**2 - i*s + 7 - 13*s. Let n(a) = 5*a. Let m be n(1). Give d(m).
2
Let a(q) = 357*q - 180*q + 14 - 181*q. Calculate a(2).
6
Let f(u) be the third derivative of u**5/60 + u**4/4 + 2*u**3 + 131*u**2. What is f(-3)?
3
Let a(n) = -2*n**3 - 15*n**2 - 9*n + 8. Let h(z) = -z**3 - 8*z**2 - 5*z + 4. Let f(p) = 3*a(p) - 5*h(p). Suppose 0 = -t - 4*t - 15. What is f(t)?
-8
Let z(y) = 2*y**2 - y + 2. Let l(u) = u**2 - 14*u - 15. Let m be l(15). Suppose -3*j + 2*j + 2 = m. Give z(j).
8
Let w(m) = 5*m**2 + m - 1. Let i be ((-12)/(-3) - 1)*-1. Let d(v) = -4*v**2 - v + 1. Let t(p) = i*w(p) - 4*d(p). Calculate t(-3).
5
Let k(i) = -i - 264 - 273 + 542 + 6*i. Give k(-2).
-5
Let t be (5 + -6)*(-6 - -6 - -7). Let w(c) = 2*c**2 + 4*c + 5. Give w(t).
75
Let b(f) = f - 5. Let j(a) be the first derivative of 13/2*a**2 + 1/3*a**3 - 6 + 15*a. Let s be j(-12). Determine b(s).
-2
Let b(z) be the first derivative of -z**2/2 - 5*z - 70. What is b(-7)?
2
Let q(b) = b**2 - b + 1. Let n(r) = r**3 + 2*r**2 - 2*r + 5. Let z(l) = n(l) - 7*q(l). What is z(4)?
2
Let h = -131 - -139. Let b(i) = -3*i + 6. Give b(h).
-18
Let t(n) = -5*n**3 - 4*n**2 + 5*n + 4. Let g(x) = -x**3 - x**2 + x. Let v be (-204)/(-33) - 14/77. Let a(p) = v*g(p) - t(p). Calculate a(-3).
2
Suppose 0 = 6*s - 8*s + 16. Let i(t) = -t + 1 + 2*t**2 - s*t**2 + 12*t**2. What is i(1)?
6
Let u = 0 - 0. Let v(k) = -20 - k + 4 + 19. Calculate v(u).
3
Let j(h) = 6*h**2 + 0*h - 12*h**2 + 5*h - 5 + 5*h**2. Calculate j(4).
-1
Suppose 3*w + 64 - 76 = 0. Let s(h) be the second derivative of 5/6*h**3 + 0 - 1/12*h**4 - 2*h - 5/2*h**2. Determine s(w).
-1
Let w(l) = -2*l**2 - l + 10. Suppose -b + 15 = 5*q, -3*b = 5*q - 4 - 1. Determine w(q).
-26
Suppose 0 = -26*f + 23*f - 24. Let b(n) = n**3 + 7*n**2 - 9*n - 11. Calculate b(f).
-3
Let d(v) = v**2 - 4*v - 5. Let m be d(5). Suppose r + m = -5. Let p(b) be the second derivative of b**5/20 + b**4/2 + 5*b**3/6 + b**2 - 5*b - 2. Give p(r).
2
Let g(c) be the second derivative of 3*c + 0 - 1/6*c**3 - 9/2*c**2. Give g(-5).
-4
Let n be (-1 - -3) + 0 + 2. Let x(z) = -2*z + 31. Let g(f) = -2*f + 18. Let l(a) = 2*g(a) - x(a). What is l(n)?
-3
Let w(y) = 23 + 4*y - 6*y - 12 + 0*y. Calculate w(8).
-5
Let o = -166 - -172. Let u(w) = 3*w**2 - 6*w + 4. Let h(k) = -4*k**2 + 5*k - 4. Let p(x) = 2*h(x) + 3*u(x). Determine p(o).
-8
Let p = 9 + -7. Let k be -5*((-32)/20 + p). Let r(x) = -3*x + 2. Let d(m) = -12*m + 9. Let l(t) = k*d(t) + 9*r(t). Calculate l(5).
-15
Let h(g) = -g**3 + 3*g**2 - 2*g - 2. Let t = 7 + -5. Let w be h(t). Let r(x) = -2*x**2 - x + 2. Calculate r(w).
-4
Let z be 1088/(-176) - 2/(-11). Let d(x) = 2*x - 2. Give d(z).
-14
Let k(i) = 8*i - 181. Let q be k(23). Let o(m) be the second derivative of -m + 0 + 2*m**2 - 5/6*m**q + 1/6*m**4. What is o(3)?
7
Let x = -19 - -19. Suppose x*h = -h + 2. Let n(t) = -t**2 - h + t + 3 + t. Give n(2).
1
Let n(y) be the third derivative of 0 - 4*y**2 - 2/3*y**3 - 1/24*y**4 + 0*y. Give n(-9).
5
Let q be (2/(-4))/((-4)/8). Let g be ((-1)/q)/((-3)/6). Let k(a) = a**3 + a**3 - 2*a + 2*a**3 + 2 - 3*a**3. Give k(g).
6
Let s(v) = -v**2 - 144363 - v**3 - v + 6*v**2 + 144362. Let y = -4 - -6. What is s(y)?
9
Let j(s) = -s**2 - 5*s - 3. Suppose 9*i + 95 = 41. What is j(i)?
-9
Let k(b) = -b**3 + 5*b**2 + 6*b - 3. Suppose 0*a + a - 4*v - 16 = 0, 2*a - 2*v = 8. Suppose a = -4*p + 20. Let r = 1 + p. Calculate k(r).
-3
Let k = 52 + -46. Let q(i) = -5*i + i**2 - 6*i**2 + 0*i**3 - 3 + i**3. Let v be q(k). Let o(w) = w**3 - 4*w**2 - w - 1. Calculate o(v).
-13
Let a(n) = -3*n - 6. Suppose -5*l + 25 = 0, -b + 5*l - 27 = -2*b. Let j be 9/b*(-4 + 40/15). Determine a(j).
12
Let p(i) = i**3 + i**2 - 3*i + 5. Let d(w) = 2*w**3 + 2*w**2 - 6*w + 11. Let f(n) = -4*d(n) + 9*p(n). What is f(2)?
7
Let l(s) = -s**2 + 6*s + 7. Let a be l(7). Let g(x) = 2 + 1 + x - 6 + a. Give g(-3).
-6
Let f(v) = -v**2 + v - 13. Let u = -102 + 102. Determine f(u).
-13
Let o(p) = -3*p + 3. Suppose -b + 22 + 0 = 4*y, -3*y = 2*b - 19. Suppose 4*q - 22 = -b*c, 0*c = -4*c + 2*q + 54. Suppose 0 = -3*f + c - 4. Give o(f).
-6
Suppose -11*a = -74*a - 252. Let l(p) = -p**3 - 4*p**2 + p + 5. What is l(a)?
1
Let c be (-9)/((-72)/(-28))*30/35. Let p(h) = -h**3 - h. Let d(z) = -3*z**3 - 3*z**2 + 2. Let r(u) = -d(u) + 2*p(u). Determine r(c).
4
Let y(g) = -16 + 3 + 2 + 3 - 3*g + 2. What is y(-2)?
0
Let v(u) be the third derivative of -u**4/24 - 3*u**3 + 9*u**2 + 14*u. What is v(0)?
-18
Let x = 0 + 46. Let t(v) = v**3 + 7*v + 40*v**2 - 2*v - x*v**2. Give t(4).
-12
Suppose 0 = -6*i + 2*i. Let z be i + (-4)/(-3)*3. Let u(j) = -j**2 + 6*j - 3. Determine u(z).
5
Let q(n) = n**2 + n + 1. Let a(t) = 0 + 2 - 2*t**2 - 7 - 3*t**2 - 6*t. Let x(i) = a(i) + 6*q(i). Determine x(0).
1
Let j(l) = l**3 - 2 + 2*l + 2*l**2 + 6 - 6*l**2. Let k(a) = -4*a + 12. Let z be k(2). Calculate j(z).
12
Suppose 0 = -y - 2*i + i + 8, 0 = -2*y - 3*i + 21. Suppose -y*v - 3 = -6*v. Let o(p) = v + 0 + p + 0 + 4. Give o(-6).
-1
Let k = 673 - 673. Suppose -a = 2*a. Suppose -x + a - 6 = k. Let h(s) = -s**3 - 6*s**2 - 7. What is h(x)?
-7
Let v(i) = -133*i + 77. Let h(f) = -4*f**3 - 4*f**2 - 1. Let p be h(-3). Let g = p + -148. Let c(n) = -7*n + 4. Let t(b) = g*c(b) + 4*v(b). Give t(-1).
-7
Let q(n) = 3*n + 1. Suppose 0 = 3*c - 3*v - 3, 3 = -3*c + v - 0*v. Give q(c).
-5
Suppose -5*r + 20 = 0, 4*q + 6*r + 28 = 11*r. Let p(y) = -y**3 + y**2 + y + 1. What is p(q)?
11
Let w(k) = k - 3. Let i be (3 - 3)/1 - -4. Suppose 4*l + 0 = -n + 14, 12 = i*l + 2*n. Suppose l*h + h = -30. Give w(h).
-9
Let v be 11 + (-21)/(315/160). Let b(q) be the second derivative of 6*q + 0 - 3*q**2 - v*q**3. What is b(-6)?
6
Suppose -2*q + 71 = 79. Let r(a) = -4*a - 6. Calculate r(q).
10
Suppose 98*q + 450 + 334 = 0. Let j(l) = 4*l**2 + 34*l + 20. Determine j(q).
4
Suppose 5*l + 16 - 1 = 0. Let n(y) = -y - 2. Let p(j) = 2*j - 1. Let s(w) = 5*w - 4. Let b(i) = -11*p(i) + 4*s(i). Let t(c) = 6*b(c) - 14*n(c). Give t(l).
-8
Let l(m) be the second derivative of m**3/6 - 9*m**2/2 - 90*m. What is l(5)?
-4
Let y(a) be the second derivative of -a**4/12 + 3*a**3/2 - 3*a**2/2 - 2*a. Let t = 131 - 124. Give y(t).
11
Let r(s) = -18*s - 23*s + 30*s - 11 - 17*s**2. Let z(m) = 4*m**2 + 3*m + 3. Let a(w) = -6*r(w) - 22*z(w). What is a(1)?
14
Let r(b) be the first derivative of b**3/3 - 4*b**2 + 10*b - 56. Give r(7).
3
Let y(o) be the second derivative of o + 5/12*o**4 + 0 + 1/2*o**3 + 1/20*o**5 - 3/2*o**2. Suppose 31 = -4*h + 3*i, 5*i + 38 = -3*h + 51. Calculate y(h).
1
Suppose -5*a - 15 = -60. Suppose -4*l - 4 = -a*l - 3*z, -2 = z. Suppose 2 - 35 = 4*i + 3*p, -l*i - 4*p - 24 = 0. Let t(u) = -u. Calculate t(i).
6
Let h(t) = 4*t**3 + 16*t**2 + 2*t - 12. Let m(b) = b**3 + 5*b**2 + b - 4. Let c(y) = 2*h(y) - 7*m(y). Suppose -2*f = 2 - 4. Suppose 2 = w - f. Calculate c(w).
-5
Let b(y) = -y**3 + 5*y**2 - 2*y - 5. Suppose -6*o = -2*o. Let g(c) = -4 + 0*c + o*c - 8 + 2*c. Let u be g(8). Give b(u).
3
Suppose -4*x + p = -147 + 57, -5*x + 114 = -2*p. Let y(c) = -28 + c**3 - 3*c + x + 2*c. Calculate y(0).
-6
Let o(i) be the second derivative of -i**5/20 + 7*i**4/12 + i**3/3 - 9*i**2/2 + 40*i + 2. Calculate o(7).
5
Suppose -3*v + 4*v + 8 = 3*a, -3*v = 4*a - 15. Let y(r) be the third derivative of -1/6*r**a + 0 - 6*r**2 - 1/4*r**4 + 0*r. Give y(-2).
11
Suppose -3*r - 4*o + 18 = 0, r + 3*o - 7*o = -10. Let k(l) be the third derivative of -5/6*l**3 + 0 - 1/60*l**5 + r*l**2 + 1/4*l**4 + 0*l. Determine k(4).
3
Let a(k) = -2 + k**2 - 2 + 4*k + 1. Let d be a(